et r = 21 + f. Suppose 5*x - 886 = 59. What is the greatest common factor of x and r?
21
Suppose -29*m + 5544 = -11*m. Calculate the highest common divisor of 132 and m.
44
Let x be -5*((-8)/6)/((-12)/(-18)). Suppose -4*h = 19 - 43. Calculate the highest common factor of h and x.
2
Suppose 98 = -20*y + 27*y. What is the greatest common divisor of 14 and y?
14
Let j be 1*-1 - (0 + 8). Let w(b) = b**3 + 9*b**2 - 3*b - 12. Let n be w(j). What is the greatest common factor of n and 30?
15
Let n be (-5)/((-5)/(-1))*27. Let b = 38 + n. Calculate the greatest common divisor of b and 121.
11
Let v be (-819)/65*(-3 - 93/9). What is the greatest common divisor of 768 and v?
24
Let r be 6/(-1 + (-6)/(-8) - -1). Suppose -11*n - r = -261. Calculate the highest common divisor of n and 184.
23
Let a = 10283 + -6840. What is the highest common factor of a and 11?
11
Suppose 6*a = 16 + 14. Suppose 8 = -4*c - 3*m + 25, 4*m = a*c - 60. Calculate the highest common factor of c and 1.
1
Suppose 3 = 3*j, -5*j + 2*j = -3*i + 723. Let b be 13 + 2 - 24/6. Suppose -9*h + b*h = 44. What is the greatest common factor of h and i?
22
Let u = -43 + 46. Suppose -u*b = -3*l + 483, 3*b + 501 = 4*l - 142. What is the highest common factor of 20 and l?
20
Let t(g) = 33*g**2 + g - 1. Let l be t(1). Suppose -4*h - i + 13 + 2 = 0, 0 = -3*h + 3*i. Calculate the greatest common factor of l and h.
3
Let z(g) = -14*g - 6. Let p be z(-2). Let q(n) = -23*n - 14 + p + 5*n. Let u be q(-8). What is the greatest common factor of u and 19?
19
Let h(g) = -g**3 - 24*g**2 - 25*g - 46. Let v be h(-23). Suppose 3*a + 21 - 141 = v. Suppose -n - n + 10 = 0. Calculate the highest common factor of n and a.
5
Let x be (-4218)/(-30) - (-36)/(-60). What is the greatest common factor of x and 308?
28
Let c = -77 - -282. Calculate the highest common divisor of c and 5.
5
Let s(f) = f**3 - 34*f**2 + 64*f + 35. Let w be s(32). Calculate the greatest common factor of w and 476.
7
Let m be (54/(-1))/(-3)*(-7 + 8). What is the highest common factor of 48 and m?
6
Suppose -6*z - 484 = -28*z. Let k = -36 + 102. What is the highest common divisor of z and k?
22
Let i(v) be the third derivative of v**5/60 + 7*v**4/12 + 10*v**3 - 45*v**2. Let f be i(-9). Calculate the greatest common factor of f and 45.
15
Let l(f) = f**3 + 17*f**2 - 27*f + 20. Let i be l(-18). Calculate the greatest common divisor of i and 14.
14
Let i(h) = -3*h - 9. Let l be i(-8). Let x be 6/(-15) + 456/l. Let c be ((-10)/4)/(4/(-32)). Calculate the highest common divisor of c and x.
10
Let p(c) = c**2 - 56*c + 434. Let b be p(47). What is the greatest common divisor of 3 and b?
1
Let h = -35 + 39. Suppose 0*f - 532 = -h*f. What is the greatest common divisor of 19 and f?
19
Let q be 5*(3 + 21/(-5)). Let k be (q/7)/(2/(-14)). Let p be ((-8)/k + 0)*-12. Calculate the highest common divisor of 80 and p.
16
Suppose 5 = -3*i - 1. Let f be (-26)/(-4) + i/(-4). Let q be 1/(3*(-2)/(-6)). What is the greatest common divisor of f and q?
1
Suppose 2*s = 5*s + g + 158, 0 = s + 3*g + 58. Let y be (-2 - s)*3/(-30)*-4. Let z = 88 + -38. What is the highest common factor of y and z?
10
Let p be -9 + -1 + 5 + 338. What is the greatest common factor of p and 74?
37
Let h(v) = -v + 12. Let g be h(0). Suppose -2*j + 2*d + 2 = -8, -5*j + 53 = 2*d. Let m be (0 - -9) + -3*3/j. Calculate the highest common factor of g and m.
4
Let s be (3/4)/((-33)/(-792)). What is the highest common factor of 2 and s?
2
Suppose 23*f - 1371 - 1274 = 0. Calculate the highest common factor of f and 391.
23
Let y(q) = -2*q**3 - 9*q**2 - 7*q + 3. Let m be y(-4). Suppose -57 = -4*b + 483. What is the greatest common factor of m and b?
15
Suppose 0*g - 4*j = -g + 108, -g + 109 = -3*j. What is the highest common divisor of g and 32?
16
Suppose -4*x + 36*b = 32*b - 1336, 5*b = -2*x + 682. What is the greatest common divisor of 84 and x?
84
Let y = -257 - -262. Calculate the highest common divisor of y and 35.
5
Suppose -3 = -n - 12*a + 8*a, -63 = -5*n - 4*a. What is the greatest common factor of n and 1875?
15
Suppose -4*b - 188 - 518 = -2*o, -5*b = 3*o - 1048. Calculate the highest common divisor of o and 27.
27
Let j = 270 + -150. Suppose -j = -14*h + 8*h. What is the greatest common factor of 10 and h?
10
Suppose -4*j - 104 = -65*l + 63*l, 0 = 4*l - 4*j - 200. What is the greatest common factor of 32 and l?
16
Let v = -7 + 17. Let a(o) = -o**3 + 10*o**2 + 6*o - 6. Let z be a(v). Suppose z + 6 = 4*i. Calculate the highest common factor of i and 75.
15
Let j(l) = -3*l**2 + 111*l - 102. Let t be j(36). Calculate the greatest common divisor of t and 10.
2
Let w be -1 + -4 + 3 - -110. Suppose -d + 64 = 5*a, d = -d - 5*a + w. What is the highest common factor of d and 22?
22
Let y(p) = 9*p**2 - 10*p - 47. Let r be y(6). Let g = -1 + 32. Calculate the greatest common factor of r and g.
31
Suppose 904 = b + 5*v, -21*v + 17*v = 4. Calculate the highest common factor of b and 18.
9
Let u be 12 + -6 + (13 - 5). Calculate the greatest common divisor of 21 and u.
7
Let b = 61 - 16. What is the highest common factor of 360 and b?
45
Suppose -61 = -5*o + 39. Suppose -k + o + 7 = 0. Let p = -16 + k. Calculate the highest common factor of 77 and p.
11
Suppose 0 = 2*c + 10, 3*c + 10 = -5*d + c. Let q(r) = 6*r + 65. Let j be q(d). What is the greatest common divisor of j and 26?
13
Let q(l) = l**3 + 7*l**2 + l + 4. Let a be q(-7). Let f(r) = r**3 + 6*r**2 + 6*r + 6. Let d be f(a). Calculate the highest common factor of 10 and d.
5
Let n(a) = -a**3 + 22*a**2 - 22*a + 17. Let s be n(21). Let u be -3 + (4 - -1) + s + 30. What is the highest common divisor of 140 and u?
28
Suppose -49*v + 36*v + 2600 = 0. Calculate the greatest common factor of v and 375.
25
Suppose -2*g = -6*g + 32. Let y = g - 8. Suppose 4*o - x - 136 = 0, 2*o - 82 = -y*o - 3*x. What is the highest common factor of o and 7?
7
Suppose 0 = 2*s - 2*r - 10, 3*s + r = -3*r + 22. Suppose -48 = -s*x - 6*x. What is the highest common factor of 6 and x?
2
Let k(i) = -i + 7. Let p be k(3). Let f(w) = 2*w**2 - 5*w + 8. Let b be f(p). What is the highest common divisor of 40 and b?
20
Let y(c) = -c**3. Let j be y(-2). Suppose -g - j = -2*g. Suppose 171 = 3*o - z - 2*z, z - 111 = -2*o. Calculate the highest common divisor of o and g.
8
Let x(g) = g**3 - 2*g**2 - 3*g - 2. Let j be x(4). Let w = -391 - -427. What is the highest common divisor of j and w?
18
Suppose 80 = -7*k + 11*k. Calculate the greatest common factor of 16 and k.
4
Let m(c) be the second derivative of 1/12*c**4 - 4*c + 1/3*c**3 + 0 + 0*c**2 + 2/5*c**5. Let w be m(2). What is the greatest common factor of w and 18?
18
Let j be (-46)/(-6) + (-2)/(-6). What is the highest common factor of j and 16?
8
Let h be ((-2)/6)/(2/(-138)). Let r = h + 1. What is the highest common divisor of 8 and r?
8
Let m be 112/24*6/7. Calculate the highest common factor of m and 1.
1
Let l be (-6)/(-10) + 24/10. Suppose 2*k - f = 70, f - l*f = -k + 41. Calculate the greatest common divisor of 11 and k.
11
Let u = -3 - -87. Let s(a) = -11*a**3 + 1. Let g be s(-1). What is the highest common factor of g and u?
12
Suppose 0 = -97*v + 83*v + 308. What is the greatest common factor of v and 979?
11
Suppose 0 = 4*w - 2*h + 46, 0 = 5*w - w + 3*h + 31. Let a = w + 4. Let d = -3 - a. Calculate the greatest common factor of 15 and d.
3
Suppose 3 = -3*p, -3*y - 53*p + 233 = -52*p. Calculate the highest common divisor of y and 52.
26
Suppose 0 = 5*j - 23 - 57. Suppose 2*g + 3*c - 2*c - 6 = 0, 4*c + j = 2*g. Calculate the highest common factor of g and 16.
4
Suppose -108*y + 104*y + 16 = 0. Let v = 31 - y. What is the greatest common divisor of 27 and v?
27
Let u(v) = v - 4. Let d be u(7). Suppose i + 3*c = 58, 0*i - d*i + 5*c + 146 = 0. What is the highest common factor of i and 13?
13
Let s = 173 - 119. What is the highest common factor of 45 and s?
9
Let f be 10/12*-3*-2. Suppose 2*g + 4*n - 22 = 0, -f*n - 17 - 23 = -2*g. Calculate the greatest common divisor of g and 135.
15
Let g(z) = z**2 + 3*z - 16. Let s be g(7). What is the highest common factor of 432 and s?
54
Let z(a) = 2*a - 2. Let t be z(1). Suppose -q + 137 - 46 = t. Suppose 23 = 3*y - 16. Calculate the highest common factor of y and q.
13
Suppose 5*z - 5*d 